*3 - o**2 - 2*o + 18. Let n be j(0). Suppose 0 = 2*b - 0*b + 2. Let z be b*(4 - 4) + 72. What is the greatest common factor of n and z?
18
Let t = 86 - 85. Suppose -102 = -4*s + 2*q, t = 8*q - 7*q. Suppose -2*r - 524 = -2*u - 2*u, 512 = 4*u + 4*r. Calculate the greatest common divisor of s and u.
26
Let a be 3/(-2) + (-14)/112*-388. Calculate the highest common factor of a and 4183.
47
Let x(h) = -4*h**3 - h**2 - 3*h - 2. Let k be x(-1). Suppose -279 = -4*f + 5*z, -k*f + 3*f + 5*z = -51. Calculate the greatest common factor of f and 57.
19
Let j = 31 + -4. Suppose -35 = -34*c + 27*c. Suppose -c*h + 2*g + 1485 = 0, -h - 4*g + 1485 = 4*h. What is the greatest common divisor of h and j?
27
Let s = 135 + -7. What is the greatest common factor of s and 112?
16
Suppose -2*g + 717 = h, -g - 4*h + 263 = -106. What is the highest common factor of g and 399?
21
Suppose -x + 49 = -59. Suppose -107*d = -x*d - 6. Let f be d/(-33) - 31167/(-99). Calculate the greatest common factor of f and 35.
35
Suppose 0 = 39*p - 35*p - 12. Suppose -5*c = -f - 80, p*f = 4*c + 2*f - 63. Suppose -c = 7*v - 1242. Calculate the greatest common factor of 35 and v.
35
Suppose k - 479 = -5*g, -1052*k = -1051*k - g - 461. What is the highest common factor of k and 29?
29
Let s = 1125 + -1035. Let q(d) = -d**3 - 6*d**2 - 5*d - 3. Let b be q(-6). What is the highest common factor of s and b?
9
Let b(r) be the third derivative of 3*r**4/4 - 50*r**3/3 + 5*r**2 + 23*r. Let n be b(32). What is the greatest common factor of 17 and n?
17
Let q = 4 + 1. Suppose a - q = 0, -4*i - a - 4*a = -89. Let s be 0 + 0 - 800/(-10). What is the highest common divisor of i and s?
16
Suppose -68*p + 4598 = -175262. What is the highest common factor of p and 5?
5
Suppose 58 + 2 = 10*v. Let l be (v/12 + 1)*92/3. What is the highest common divisor of 2 and l?
2
Let i = 14324 - 11759. What is the greatest common divisor of i and 90?
45
Let b = 1 - 11. Let z(g) = g**3 + 11*g**2 + 11*g + 9. Let v be z(b). Let x be v/((-1)/(-72)*-1). Calculate the greatest common factor of 6 and x.
6
Suppose -114*k + 4834 - 1177 = -4551. Calculate the greatest common divisor of 536 and k.
8
Let r be 9/(-4)*-2*6. Suppose r*l - 28*l - 41 = 0. Let w = 129 + l. What is the highest common divisor of 220 and w?
44
Suppose 2*t = -0*t - 12222 + 12226. What is the highest common divisor of 391 and t?
1
Suppose -3*b - 3*s + 483 = 0, b - 5*s = -4*b + 885. What is the greatest common factor of b and 533?
13
Let w be (2 + 0)*(-4)/8. Let u be 4 + -11 - 2*w. Let l be (54/u)/((-15)/50). What is the greatest common divisor of l and 9?
9
Suppose 0 = 14*a - 836 - 88. Let o be 275/1*-30*13/(-325). What is the highest common divisor of o and a?
66
Let g = -959 - -991. What is the greatest common factor of 6176 and g?
32
Let o = -2355 + 2480. Suppose 2*z + z = 15. What is the greatest common divisor of z and o?
5
Let t(n) = n + 15. Let d be t(-11). Let h be (57/d)/((-21)/(-28)). Calculate the greatest common divisor of 57 and h.
19
Let s(n) = n**2 + 8*n + 13. Let d be s(-7). Suppose 50 = -v + d*v. Let g(w) = 7*w - 14. Let p be g(v). Calculate the greatest common factor of 14 and p.
14
Let u = -8314 + 8338. Calculate the highest common divisor of u and 69.
3
Let g = -6 + 9. Suppose -g*v + 64 = -4*c, 4*c = -0*c + 20. Let f = 30 - v. Calculate the greatest common divisor of 22 and f.
2
Let c = 309 - 184. Suppose -c - 1140 = -5*i. Calculate the greatest common divisor of 46 and i.
23
Let t(p) = 3*p**3 + 5*p**2 - 6*p - 28. Let h be t(3). Calculate the highest common factor of h and 752.
16
Suppose -229*s - 114562 = -1157199. Calculate the highest common divisor of s and 58.
29
Suppose 51 - 3 = 8*u. Let y be 48/18*(u/4)/1. Suppose 2*c - 18 = -y*w, 4*c = -2*w + 5*c + 19. Calculate the highest common factor of 63 and w.
7
Let w be ((-24)/9*2)/((-8)/1740). Suppose 0 = -5*y - 205 + w. Suppose -3*l + f = -y, l = -0*f + 2*f + 67. Calculate the greatest common factor of 7 and l.
7
Let r(h) be the third derivative of h**5/60 - 5*h**4/3 + 415*h**3/6 - 136*h**2. Let g be r(35). What is the highest common divisor of g and 80?
80
Let o(m) = -m - 1. Let r(z) = 59. Let g(s) = 6*o(s) + r(s). Let i be g(8). What is the highest common divisor of 45 and i?
5
Suppose x - 9*a - 1 = -13*a, -4*x + 123 = -a. Calculate the highest common divisor of x and 18299.
29
Let n = -20642 + 20662. Calculate the greatest common factor of 3380 and n.
20
Let d = 468 + 145. Let n = d + -581. Calculate the greatest common divisor of 640 and n.
32
Suppose z - 54*n - 554 = -56*n, 2*z - 2*n = 1084. Calculate the greatest common factor of 21 and z.
21
Suppose 12 - 2 = 5*o. Suppose j + 2 = -o*j - z, j = -2*z - 9. Suppose -5*u = 4*n - 299, -1 = 2*u + j. What is the greatest common factor of n and 38?
38
Let h(k) = -5*k - 2. Let v be h(-2). Suppose -5*z - 90 = -5*w, -5*w + 64 = -z + 14. What is the highest common factor of w and v?
8
Let r be (-80)/(-6) - 24/18. Let j be 4*1/(-6) + 788/r. Calculate the greatest common factor of j and 26.
13
Suppose -4*j = -4, -15*m + 18*m - 2*j = 16. What is the greatest common divisor of m and 12582?
6
Let h = 196 + -55. Let p = -101 + h. Calculate the greatest common factor of 120 and p.
40
Suppose 5*l + 11 = 2*z, -3*l - 5 = -z - l. Suppose -z*v + 60 = 7*v. Let y be (-32)/v*15/(-4). What is the greatest common divisor of y and 25?
5
Suppose 0 = -3*t, n - 34*t = -36*t + 36. What is the highest common factor of 2916 and n?
36
Let d = -57 + 59. Let j be (-5)/5 + 26/d. Let x be (-2)/(-3)*6*1. Calculate the greatest common divisor of j and x.
4
Let n(h) = -h**2 - 7*h - 1. Let y(s) = s**3 + 4*s**2 - 3*s + 7. Let c = -46 - -41. Let j be y(c). Let f be n(j). What is the highest common factor of f and 88?
11
Let i be (48/(-30))/(4/(-10)). Suppose 2*u - i*u = -58. Let z be 12*7/28 + 168/2. What is the highest common factor of z and u?
29
Let g = 10066 + -9938. Let r = 39 + -23. What is the greatest common divisor of g and r?
16
Let f be (24/(-16))/((-15)/10). Let s be f + 0 - (4 + -8)*3. Calculate the greatest common factor of s and 208.
13
Let z(s) = 66*s - 438. Let c be z(7). Let p = -153 + 241. What is the greatest common factor of c and p?
8
Let a = -1802 + 1813. Calculate the greatest common divisor of a and 2673.
11
Suppose 15*h + 8*h = -20*h + 7052. Calculate the highest common divisor of h and 2214.
82
Suppose 2*i - 70 = -10. Let d(k) = k + 9. Let y be d(-7). Suppose -2*v - 2*c + 12 = 0, -28 + 4 = -4*v - y*c. What is the highest common factor of v and i?
6
Suppose 0 = -30*m + 10897 + 397126 + 277597. What is the greatest common divisor of 78 and m?
78
Suppose 25*n - 27*n = -5*j - 1312, 5*n = j + 3234. What is the greatest common divisor of 266 and n?
38
Let c(a) = -a**2 + 26*a - 132. Let x be c(14). Let k be ((-30)/5)/(5/(-270)). What is the greatest common divisor of x and k?
36
Let m be 182/5 - ((-6)/(-21) - 20/(-175)). What is the highest common divisor of m and 522?
18
Suppose -c + 0*r + 13 = -2*r, -33 = -3*c + 4*r. Let n(w) = 3*w**2 + 9*w - 5. Let i = -682 - -678. Let b be n(i). What is the highest common divisor of c and b?
7
Suppose 20*f + 46002 = 208382. Calculate the highest common divisor of 23 and f.
23
Let m(h) = -h**3 - 6*h**2 + 252*h + 2234. Let o be m(-9). Let p(d) = -d**3 + 6*d**2 - 3*d + 1. Let x be p(5). Calculate the highest common divisor of x and o.
11
Let p be (-200)/(-15) - (2/6 - 1). What is the greatest common divisor of 35546 and p?
14
Let o = 24 - 21. Suppose -o*a + 2 + 5 = 5*j, 5*j = 2*a - 13. Suppose 19 = a*h - 221. Calculate the highest common factor of 40 and h.
20
Let m = 104 + -40. Let g be 50/(-8) + 12/48 + 10. What is the greatest common divisor of g and m?
4
Let n = -1493 + 3485. Suppose -19*d + n = -5171. What is the highest common divisor of 13 and d?
13
Let u = 1404 + -1274. What is the highest common factor of 6370 and u?
130
Suppose 3*w = 2*m - 22, 2*m - m - 21 = 4*w. Let i = -31 - -39. Suppose -2*q - 4*b = 0, m*q - 56 = i*b - 4*b. Calculate the highest common factor of q and 16.
8
Let o(q) = -q. Let a(z) = z**2 + 18*z - 22. Let k(h) = a(h) + 5*o(h). Let i be k(-16). What is the highest common factor of 78 and i?
26
Let q = -2099 + 3850. What is the greatest common divisor of 17 and q?
17
Suppose 3*j - 189 = 171. Suppo